{"id":920,"date":"2015-05-14T20:41:49","date_gmt":"2015-05-14T18:41:49","guid":{"rendered":"http:\/\/siedlung-westend.com\/wordpress\/?page_id=920"},"modified":"2016-04-11T22:32:14","modified_gmt":"2016-04-11T20:32:14","slug":"umfrage-zum-neubau-der-siedlung-westend","status":"publish","type":"page","link":"https:\/\/siedlung-westend.com\/wordpress\/umfragen-statistiken\/umfrage-zum-neubau-der-siedlung-westend\/","title":{"rendered":"Umfrage zum Neubau der Siedlung Westend"},"content":{"rendered":"<h2 style=\"text-align: center;\"><strong><a href=\"http:\/\/siedlung-westend.com\/wordpress\/auswertung-unserer-mieterumfrage-2015-praesentation-der-mieterversammlung\/\" target=\"_blank\">Ergebnisse der Umfrage.<\/a><\/strong><\/h2>\n<p style=\"text-align: justify;\">Liebe Nachbarn,<\/p>\n<p style=\"text-align: justify;\">in Absprache mit den Parteimitgliedern der Bezirksverordnetenversammlung (BVV) Charlottenburg-Wilmersdorf m\u00f6chten wir der BVV einen repr\u00e4sentativen Mietspiegel und ein Meinungsbild der Mieter der Siedlung Westend zu den Neubaupl\u00e4nen der Deutschen Wohnen AG zur Verf\u00fcgung stellen. Daf\u00fcr haben wir einen Umfragebogen entworfen und bitte Sie, sich an dieser Umfrage zu beteiligen.<\/p>\n<p style=\"text-align: justify;\">Wir werden die Umfrage am 24.05.2015 zwischen ca. 11:00 und 13:00 Uhr und am 27.05.2015 ab 18:30 Uhr bei Ihnen einsammeln. Alternativ k\u00f6nnen Sie Ihre ausgef\u00fcllte Umfrage bis zum 27.05.2015 auch bei den folgenden Nachbarn abgeben.<\/p>\n<p style=\"text-align: center;\"><strong>Kontaktdaten der Ansprechpartner erhalten Sie im Original.<\/strong><\/p>\n<p style=\"text-align: justify;\">Bitte haben Sie daf\u00fcr Verst\u00e4ndnis, dass wir nicht immer garantieren k\u00f6nnen an den genannten Tagen und Zeiten wirklich Zuhause zu sein. Die Umfragezettel k\u00f6nnen alternativ auch in den Briefkasten eingeworfen werden.<\/p>\n<p style=\"text-align: justify;\">\u00a0Wir werden die Umfrageergebnisse in einer Statistik zusammenfassen und diese dann ver\u00f6ffentlichen. Die einzelnen Umfrageb\u00f6gen werden wir mit Ihrer Zustimmung und bei Notwendigkeit der BVV zur \u00dcberpr\u00fcfung zur Verf\u00fcgung stellen. Ihre Zustimmung ist dahingehend wichtig, da wir nur so unsere Ergebnisse der Umfrage nachweisen k\u00f6nnen.<\/p>\n<p style=\"text-align: justify;\">Bitte lesen Sie sich vor Beantwortung der einzelnen Fragen diese im Gesamten einmal durch und kreuzen Sie dann Ihre entsprechenden Antworten an. <strong><u>Wenn Sie bestimmte Daten oder Antworten nicht abgeben m\u00f6chten, lassen Sie diese einfach offen.<\/u><\/strong> Sollten Sie Unterst\u00fctzung beim Ausf\u00fcllen der Umfrage ben\u00f6tigen, k\u00f6nnen Sie sich jederzeit an uns wenden.<\/p>\n<p style=\"text-align: center;\"><strong>F\u00fcr Ihre Unterst\u00fctzung und Ihre Teilnahme m\u00f6chten wir uns im Voraus bei Ihnen bedanken!<\/strong><\/p>\n<p style=\"text-align: justify;\">\u00a0Mit freundlichen Gr\u00fc\u00dfen<\/p>\n<p style=\"text-align: justify;\">Ihre B\u00fcrgerinitiative f\u00fcr den Erhalt der Siedlung Westend<\/p>\n<p style=\"text-align: justify;\"><strong><a href=\"http:\/\/siedlung-westend.com\/wordpress\/wp-content\/uploads\/2015\/05\/Umfrage-zum-Neubau-der-Siedlung-Westend-Online.pdf\" target=\"_blank\">Download der Umfrage zum Neubau der Siedlung Westend im PDF<\/a><\/strong><\/p>\n<p style=\"text-align: justify;\"><strong><a href=\"http:\/\/siedlung-westend.com\/wordpress\/auswertung-unserer-mieterumfrage-2015-praesentation-der-mieterversammlung\/\" target=\"_blank\">Ergebnisse der Umfrage<\/a><\/strong><\/p>\n","protected":false},"excerpt":{"rendered":"<p>Ergebnisse der Umfrage. Liebe Nachbarn, in Absprache mit den Parteimitgliedern der Bezirksverordnetenversammlung (BVV) Charlottenburg-Wilmersdorf m\u00f6chten wir der BVV einen repr\u00e4sentativen Mietspiegel und ein Meinungsbild der Mieter der Siedlung Westend zu <a class=\"more-link\" href=\"https:\/\/siedlung-westend.com\/wordpress\/umfragen-statistiken\/umfrage-zum-neubau-der-siedlung-westend\/\">Weiterlesen &rarr;<\/a><\/p>\n","protected":false},"author":3,"featured_media":0,"parent":117,"menu_order":0,"comment_status":"closed","ping_status":"open","template":"","meta":{"footnotes":""},"class_list":["post-920","page","type-page","status-publish","hentry"],"jetpack_sharing_enabled":true,"_links":{"self":[{"href":"https:\/\/siedlung-westend.com\/wordpress\/wp-json\/wp\/v2\/pages\/920","targetHints":{"allow":["GET"]}}],"collection":[{"href":"https:\/\/siedlung-westend.com\/wordpress\/wp-json\/wp\/v2\/pages"}],"about":[{"href":"https:\/\/siedlung-westend.com\/wordpress\/wp-json\/wp\/v2\/types\/page"}],"author":[{"embeddable":true,"href":"https:\/\/siedlung-westend.com\/wordpress\/wp-json\/wp\/v2\/users\/3"}],"replies":[{"embeddable":true,"href":"https:\/\/siedlung-westend.com\/wordpress\/wp-json\/wp\/v2\/comments?post=920"}],"version-history":[{"count":7,"href":"https:\/\/siedlung-westend.com\/wordpress\/wp-json\/wp\/v2\/pages\/920\/revisions"}],"predecessor-version":[{"id":1118,"href":"https:\/\/siedlung-westend.com\/wordpress\/wp-json\/wp\/v2\/pages\/920\/revisions\/1118"}],"up":[{"embeddable":true,"href":"https:\/\/siedlung-westend.com\/wordpress\/wp-json\/wp\/v2\/pages\/117"}],"wp:attachment":[{"href":"https:\/\/siedlung-westend.com\/wordpress\/wp-json\/wp\/v2\/media?parent=920"}],"curies":[{"name":"wp","href":"https:\/\/api.w.org\/{rel}","templated":true}]}}