{"id":47,"date":"2014-10-19T01:39:25","date_gmt":"2014-10-18T23:39:25","guid":{"rendered":"http:\/\/siedlung-westend.com\/wordpress\/?page_id=47"},"modified":"2014-10-28T21:32:01","modified_gmt":"2014-10-28T19:32:01","slug":"schoenheitsreparaturen-renovierungen","status":"publish","type":"page","link":"https:\/\/siedlung-westend.com\/wordpress\/mietrecht\/schoenheitsreparaturen-renovierungen\/","title":{"rendered":"Sch\u00f6nheitsreparaturen \/ Renovierungen"},"content":{"rendered":"<p>Grunds\u00e4tzlich regelt das BGB das Mietverh\u00e4ltnis zwischen Vermieter und Mieter. In einem Mietvertrag werden nun Bedingungen vertraglich festgehalten, welche vom BGB abweichen. Ist nun solch eine Klausel des Mietvertrages z.B. durch ein Urteil des BGH als ung\u00fcltig festgestellt, greifen dann die Bestimmungen des BGB.<\/p>\n<p>Die sogenannten Sch\u00f6nheitreparaturen \/ Renovierungen reguliert auch das BGB und verpflichtet dort grunds\u00e4tzlich den Vermieter, die Mietsache in einem vertragsgem\u00e4\u00dfigen zum Gebrauch geeigneten Zustand zu halten. Zust\u00e4ndig hierf\u00fcr sind der \u00a7 535 und \u00a7 538 des BGB.<\/p>\n<p><a href=\"http:\/\/dejure.org\/gesetze\/BGB\/535.html\" target=\"_blank\">BGB \u00a7535: http:\/\/dejure.org\/gesetze\/BGB\/535.html (externer Link)<\/a><br \/>\n<a href=\"http:\/\/dejure.org\/gesetze\/BGB\/538.html\" target=\"_blank\">BGB \u00a7538: http:\/\/dejure.org\/gesetze\/BGB\/538.html (externer Link)<\/a><\/p>\n<p>Nun besch\u00e4ftigt sich der BGH mit den G\u00fcltigkeiten der entsprechenden Klauseln in Mietvertr\u00e4ge. Wird eine solche Klausel als ung\u00fcltig erkl\u00e4rt, ist es so, als w\u00e4ren diese Klauseln im Mietvertrag nicht vorhanden und es greift dann das BGB.<\/p>\n<p>Folgende Sammlung zu Urteilen des BGH soll als ein erster \u00dcberblick dienen &#8211; ohne Anspruch auf Vollst\u00e4ndigkeit &#8211; und kann eine Beratung durch einen Mieterverein oder Rechtsanwalt nicht ersetzen.<\/p>\n<p><strong>Betreffend Summierungen in der Klausel:<br \/>\nUrteil BGH 05.04.2006 &#8211; VIII ZR 109\/05:<\/strong><br \/>\n<a href=\"http:\/\/juris.bundesgerichtshof.de\/cgi-bin\/rechtsprechung\/document.py?Gericht=bgh&amp;Art=en&amp;nr=36237&amp;pos=0&amp;anz=1\" target=\"_blank\">http:\/\/juris.bundesgerichtshof.de\/cgi-bin\/rechtsprechung\/document.py?Gericht=bgh&amp;<\/a><a href=\"http:\/\/juris.bundesgerichtshof.de\/cgi-bin\/rechtsprechung\/document.py?Gericht=bgh&amp;Art=en&amp;nr=36237&amp;pos=0&amp;anz=1\" target=\"_blank\">Art=en&amp;nr=36237&amp;pos=0&amp;anz=1 (externer Link)<\/a><\/p>\n<p><strong>Betreffend starrer Fristen in der Klausel:<br \/>\nUrteil BGH vom 23.06.2004 &#8211; VIII ZR 361\/03:<\/strong><br \/>\n<a href=\"http:\/\/juris.bundesgerichtshof.de\/cgi-bin\/rechtsprechung\/document.py?Gericht=bgh&amp;Art=en&amp;nr=29890&amp;pos=0&amp;anz=1\" target=\"_blank\">http:\/\/juris.bundesgerichtshof.de\/cgi-bin\/rechtsprechung\/document.py?Gericht=bgh&amp;Art=en&amp;nr=29890&amp;pos=0&amp;anz=1 (externer Link)<\/a><\/p>\n<p><strong>Betreffend der Quoten-\/Abgeltungsklauseln mit starre Fristen:<\/strong><br \/>\n<strong>Urteil BGH vom 18.10.2006 &#8211; VIII ZR 52\/06<\/strong>:<br \/>\n<a href=\"http:\/\/juris.bundesgerichtshof.de\/cgi-bin\/rechtsprechung\/document.py?Gericht=bgh&amp;Art=en&amp;nr=38064&amp;pos=0&amp;anz=1\" target=\"_blank\">http:\/\/juris.bundesgerichtshof.de\/cgi-bin\/rechtsprechung\/document.py?Gericht=bgh&amp;Art=en&amp;nr=38064&amp;pos=0&amp;anz=1 (externer Link)<\/a><\/p>\n<p><strong>Betreffend der Zustimmung durch den Vermieter:<\/strong><br \/>\n<strong>Urteil BGH vom 28.03.2007 &#8211; VIII ZR 199\/06<\/strong>:<br \/>\n<a href=\"http:\/\/juris.bundesgerichtshof.de\/cgi-bin\/rechtsprechung\/document.py?Gericht=bgh&amp;Art=en&amp;nr=39584&amp;pos=0&amp;anz=1\" target=\"_blank\">http:\/\/juris.bundesgerichtshof.de\/cgi-bin\/rechtsprechung\/document.py?Gericht=bgh&amp;Art=en&amp;nr=39584&amp;pos=0&amp;anz=1 (externer Link)<\/a><\/p>\n<p><strong>Betreffend isolierter Endrenovierungsklausel:<br \/>\nUrteil BGH vom 12.09.2007 &#8211; VIII ZR 316\/06:<\/strong><br \/>\n<a href=\"http:\/\/juris.bundesgerichtshof.de\/cgi-bin\/rechtsprechung\/document.py?Gericht=bgh&amp;Art=en&amp;sid=0765f3bc58c2cdb948b2f4729a5c866a&amp;nr=41757&amp;pos=0&amp;anz=1\" target=\"_blank\">http:\/\/juris.bundesgerichtshof.de\/cgi-bin\/rechtsprechung\/document.py?Gericht=bgh&amp;Art=en&amp;sid=0765f3bc58c2cdb948b2f4729a5c866a&amp;nr=41757&amp;pos=0&amp;anz=1 (externer Link)<\/a><\/p>\n<p><strong>Betreffend der Quoten-\/Abgeltungsklauseln mit unbestimmten Fristen:<br \/>\nUrteil BGH vom 26.09.2007 &#8211; VIII ZR 143\/06:<br \/>\n<\/strong><a href=\"http:\/\/juris.bundesgerichtshof.de\/cgi-bin\/rechtsprechung\/document.py?Gericht=bgh&amp;Art=en&amp;nr=41671&amp;pos=0&amp;anz=1\" target=\"_blank\">http:\/\/juris.bundesgerichtshof.de\/cgi-bin\/rechtsprechung\/document.py?Gericht=bgh&amp;Art=en&amp;nr=41671&amp;pos=0&amp;anz=1 (externer Link)<\/a><\/p>\n<p><strong>Betreffend der Farbwahlklausel:<br \/>\nUrteil BGH vom 18.06.2008 \u2013 VIII ZR 224\/07:<\/strong><br \/>\n<a href=\"http:\/\/juris.bundesgerichtshof.de\/cgi-bin\/rechtsprechung\/document.py?Gericht=bgh&amp;Art=en&amp;nr=44561&amp;pos=0&amp;anz=1\" target=\"_blank\">http:\/\/juris.bundesgerichtshof.de\/cgi-bin\/rechtsprechung\/document.py?Gericht=bgh&amp;Art=en&amp;nr=44561&amp;pos=0&amp;anz=1 (externer Link)<\/a><\/p>\n<p><strong>Beschluss BGH vom 14.12.2010 \u2013 VIII ZR 198\/10<\/strong>:<br \/>\n<a href=\"http:\/\/juris.bundesgerichtshof.de\/cgi-bin\/rechtsprechung\/document.py?Gericht=bgh&amp;Art=en&amp;nr=54826&amp;pos=0&amp;anz=1\" target=\"_blank\">http:\/\/juris.bundesgerichtshof.de\/cgi-bin\/rechtsprechung\/document.py?Gericht=bgh&amp;Art=en&amp;nr=54826&amp;pos=0&amp;anz=1 (externer Link)<\/a><\/p>\n<p><strong>Betreffend der Fachhandwerkklausel:<\/strong><br \/>\n<strong>Urteil BGH vom 09. Juni 2010 \u2013 VIII ZR 294\/09<\/strong>:<br \/>\n<a href=\"http:\/\/juris.bundesgerichtshof.de\/cgi-bin\/rechtsprechung\/document.py?Gericht=bgh&amp;Art=en&amp;nr=52672&amp;pos=0&amp;anz=1\" target=\"_blank\">http:\/\/juris.bundesgerichtshof.de\/cgi-bin\/rechtsprechung\/document.py?Gericht=bgh&amp;Art=en&amp;nr=52672&amp;pos=0&amp;anz=1 (externer Link)<\/a><\/p>\n<p><strong>Betreffend der Quoten-\/Abgeltungsklauseln und Sch\u00f6nheitsreparaturen bei Einzug<br \/>\nin einer unrenovierten Wohnung<\/strong>:<br \/>\n<strong>Beschluss BGH vom 22.01.2014 \u2013 VIII ZR 352\/12<\/strong>:<br \/>\n<a href=\"http:\/\/juris.bundesgerichtshof.de\/cgi-bin\/rechtsprechung\/document.py?Gericht=bgh&amp;Art=en&amp;nr=66703&amp;pos=0&amp;anz=1\" target=\"_blank\">http:\/\/juris.bundesgerichtshof.de\/cgi-bin\/rechtsprechung\/document.py?Gericht=bgh&amp;Art=en&amp;nr=66703&amp;pos=0&amp;anz=1 (externer Link)<\/a><\/p>\n<p>Haftung(ausschluss) f\u00fcr Inhalte<\/p>\n<p>Die Inhalte auf dieser Seite sind allgemeiner und informativer Art. Beitr\u00e4ge und Inhalte stellen keine Rechtsberatung dar und k\u00f6nnen nicht der Beratung bei Rechtstreitigkeiten dienen. Sie daher sollten nicht versuchen, reale Rechtsstreitigkeiten in einen realen Fall aufgrund von Beitr\u00e4gen und Inhalten \/ Informationen dieser Seiten und deren Unterseiten zu l\u00f6sen. Bitte lassen Sie sich dahingehend stets von einem spezialisierten Rechtsanwalt beraten.<\/p>\n<p>Die Inhalte dieser Seiten werden mit gr\u00f6\u00dfter Sorgfalt erstellt. Wir weisen aber darauf hin, dass sich das Recht, stetig weiter entwickeln und ver\u00e4ndert, so dass Informationen nach einiger Zeit veraltet, unrichtig oder widerspr\u00fcchlich sein k\u00f6nnen.<\/p>\n","protected":false},"excerpt":{"rendered":"<p>Grunds\u00e4tzlich regelt das BGB das Mietverh\u00e4ltnis zwischen Vermieter und Mieter. In einem Mietvertrag werden nun Bedingungen vertraglich festgehalten, welche vom BGB abweichen. Ist nun solch eine Klausel des Mietvertrages z.B. <a class=\"more-link\" href=\"https:\/\/siedlung-westend.com\/wordpress\/mietrecht\/schoenheitsreparaturen-renovierungen\/\">Weiterlesen &rarr;<\/a><\/p>\n","protected":false},"author":3,"featured_media":0,"parent":44,"menu_order":0,"comment_status":"closed","ping_status":"closed","template":"","meta":{"footnotes":""},"class_list":["post-47","page","type-page","status-publish","hentry"],"jetpack_sharing_enabled":true,"_links":{"self":[{"href":"https:\/\/siedlung-westend.com\/wordpress\/wp-json\/wp\/v2\/pages\/47","targetHints":{"allow":["GET"]}}],"collection":[{"href":"https:\/\/siedlung-westend.com\/wordpress\/wp-json\/wp\/v2\/pages"}],"about":[{"href":"https:\/\/siedlung-westend.com\/wordpress\/wp-json\/wp\/v2\/types\/page"}],"author":[{"embeddable":true,"href":"https:\/\/siedlung-westend.com\/wordpress\/wp-json\/wp\/v2\/users\/3"}],"replies":[{"embeddable":true,"href":"https:\/\/siedlung-westend.com\/wordpress\/wp-json\/wp\/v2\/comments?post=47"}],"version-history":[{"count":10,"href":"https:\/\/siedlung-westend.com\/wordpress\/wp-json\/wp\/v2\/pages\/47\/revisions"}],"predecessor-version":[{"id":104,"href":"https:\/\/siedlung-westend.com\/wordpress\/wp-json\/wp\/v2\/pages\/47\/revisions\/104"}],"up":[{"embeddable":true,"href":"https:\/\/siedlung-westend.com\/wordpress\/wp-json\/wp\/v2\/pages\/44"}],"wp:attachment":[{"href":"https:\/\/siedlung-westend.com\/wordpress\/wp-json\/wp\/v2\/media?parent=47"}],"curies":[{"name":"wp","href":"https:\/\/api.w.org\/{rel}","templated":true}]}}