{"id":1175,"date":"2016-05-14T22:15:37","date_gmt":"2016-05-14T20:15:37","guid":{"rendered":"http:\/\/siedlung-westend.com\/wordpress\/?page_id=1175"},"modified":"2018-08-18T08:53:18","modified_gmt":"2018-08-18T06:53:18","slug":"spenden","status":"publish","type":"page","link":"https:\/\/siedlung-westend.com\/wordpress\/spenden\/","title":{"rendered":"Unsere Spendenseite"},"content":{"rendered":"<p><strong>Liebe Nachbarn,<\/strong><br \/>\n<strong>liebe Unterst\u00fctzer,<\/strong><\/p>\n<p>f\u00fcr das weitere Vorgehen gegen das aktuelle Bebauungsplanverfahren 4-59VE haben wir Geldspenden f\u00fcr die Beauftragung, eines Rechtsanwaltes zur weiteren Unterst\u00fctzung gesammelt. Wir hatten uns als Ziel einen Betrag in H\u00f6he von 2.400,00 Euro gesetzt.<\/p>\n<p>Dieser Betrag wurde nun sogar \u00fcberschritten und wir m\u00f6chten uns f\u00fcr die Spenden und das Vertrauen herzlich bedanken!<\/p>\n<h2><strong>Spendenstand:<br \/>\n<\/strong><\/h2>\n<ul>\n<li><strong> 25.11.2016: + 2.771,00 Euro<br \/>\n&#8211; 44,20 Euro &gt; Geb\u00fchr f\u00fcr die Akteneinsicht des Durchf\u00fchrungsvertages beim Bezirksamt<br \/>\n&#8211; 333,20 Euro &gt; 1. Rechtsanwaltsrechnung\u00a0 2018 PK 63<br \/>\n<\/strong><\/li>\n<li><strong>17.06.2018: + 2.393,60 Euro<br \/>\n<\/strong><strong>&#8211; 100,00 Euro &gt; 2. Rechtsanwaltsrechnung\u00a0 8047\/2018<br \/>\n<\/strong><\/li>\n<li><strong>18.08.2018: +2.293,60 Euro<\/strong><\/li>\n<\/ul>\n<p><strong><span style=\"text-decoration: underline;\"><br \/>\nBitte beachtet, das eure Spenden nicht steuerlich absetzbar sind!<\/span><\/strong><\/p>\n<p>Sollten Anwalts- und\/oder Gerichtkosten geringer ausfallen, g\u00e4nzlich und teilweise erstattet werden, wird dieser \u00dcberschussbetrag zu je 50 Prozent (50 von 100) an die folgenden Vereine gespendet:<\/p>\n<p>1) Dickens F\u00f6rderkreis zur Zweisprachigen Erziehung e.V.<br \/>\nAn der Charles Dickens-Schule SESB<br \/>\nDickensweg 15<br \/>\n14055 Berlin<\/p>\n<p>2) EKT &#8211; Die wilden Westender e.V.<br \/>\nFlatowallee 16<br \/>\n14055 Berlin-Charlottenburg<\/p>\n","protected":false},"excerpt":{"rendered":"<p>Liebe Nachbarn, liebe Unterst\u00fctzer, f\u00fcr das weitere Vorgehen gegen das aktuelle Bebauungsplanverfahren 4-59VE haben wir Geldspenden f\u00fcr die Beauftragung, eines Rechtsanwaltes zur weiteren Unterst\u00fctzung gesammelt. Wir hatten uns als Ziel <a class=\"more-link\" href=\"https:\/\/siedlung-westend.com\/wordpress\/spenden\/\">Weiterlesen &rarr;<\/a><\/p>\n","protected":false},"author":3,"featured_media":0,"parent":0,"menu_order":0,"comment_status":"closed","ping_status":"closed","template":"","meta":{"footnotes":""},"class_list":["post-1175","page","type-page","status-publish","hentry"],"jetpack_sharing_enabled":true,"_links":{"self":[{"href":"https:\/\/siedlung-westend.com\/wordpress\/wp-json\/wp\/v2\/pages\/1175","targetHints":{"allow":["GET"]}}],"collection":[{"href":"https:\/\/siedlung-westend.com\/wordpress\/wp-json\/wp\/v2\/pages"}],"about":[{"href":"https:\/\/siedlung-westend.com\/wordpress\/wp-json\/wp\/v2\/types\/page"}],"author":[{"embeddable":true,"href":"https:\/\/siedlung-westend.com\/wordpress\/wp-json\/wp\/v2\/users\/3"}],"replies":[{"embeddable":true,"href":"https:\/\/siedlung-westend.com\/wordpress\/wp-json\/wp\/v2\/comments?post=1175"}],"version-history":[{"count":17,"href":"https:\/\/siedlung-westend.com\/wordpress\/wp-json\/wp\/v2\/pages\/1175\/revisions"}],"predecessor-version":[{"id":1391,"href":"https:\/\/siedlung-westend.com\/wordpress\/wp-json\/wp\/v2\/pages\/1175\/revisions\/1391"}],"wp:attachment":[{"href":"https:\/\/siedlung-westend.com\/wordpress\/wp-json\/wp\/v2\/media?parent=1175"}],"curies":[{"name":"wp","href":"https:\/\/api.w.org\/{rel}","templated":true}]}}