{"id":117,"date":"2014-11-18T23:25:03","date_gmt":"2014-11-18T21:25:03","guid":{"rendered":"http:\/\/siedlung-westend.com\/wordpress\/?page_id=117"},"modified":"2014-11-18T23:38:54","modified_gmt":"2014-11-18T21:38:54","slug":"umfragen-statistiken","status":"publish","type":"page","link":"https:\/\/siedlung-westend.com\/wordpress\/umfragen-statistiken\/","title":{"rendered":"Umfragen \/ Statistiken"},"content":{"rendered":"<p>Hier werden wir verschiedene Online-Formular als Umfragen anbieten f\u00fcr die Erstellung von Statistiken und\/oder Datenbanken.<\/p>\n<p>Bestimmte Online-Formulare werden mit Passwort gesch\u00fctzt, damit wir die Teilnehmer der Umfrage auf die Bewohner einschr\u00e4nken k\u00f6nnen. Das Passwort wird dann prim\u00e4r \u00fcber die Mailingliste oder bei einer Zusammenkunft verteilt werden.<\/p>\n<p>Vielen Dank f\u00fcr eure Teilnahme!<\/p>\n","protected":false},"excerpt":{"rendered":"<p>Hier werden wir verschiedene Online-Formular als Umfragen anbieten f\u00fcr die Erstellung von Statistiken und\/oder Datenbanken. Bestimmte Online-Formulare werden mit Passwort gesch\u00fctzt, damit wir die Teilnehmer der Umfrage auf die Bewohner <a class=\"more-link\" href=\"https:\/\/siedlung-westend.com\/wordpress\/umfragen-statistiken\/\">Weiterlesen &rarr;<\/a><\/p>\n","protected":false},"author":3,"featured_media":0,"parent":0,"menu_order":0,"comment_status":"closed","ping_status":"closed","template":"","meta":{"footnotes":""},"class_list":["post-117","page","type-page","status-publish","hentry"],"jetpack_sharing_enabled":true,"_links":{"self":[{"href":"https:\/\/siedlung-westend.com\/wordpress\/wp-json\/wp\/v2\/pages\/117","targetHints":{"allow":["GET"]}}],"collection":[{"href":"https:\/\/siedlung-westend.com\/wordpress\/wp-json\/wp\/v2\/pages"}],"about":[{"href":"https:\/\/siedlung-westend.com\/wordpress\/wp-json\/wp\/v2\/types\/page"}],"author":[{"embeddable":true,"href":"https:\/\/siedlung-westend.com\/wordpress\/wp-json\/wp\/v2\/users\/3"}],"replies":[{"embeddable":true,"href":"https:\/\/siedlung-westend.com\/wordpress\/wp-json\/wp\/v2\/comments?post=117"}],"version-history":[{"count":2,"href":"https:\/\/siedlung-westend.com\/wordpress\/wp-json\/wp\/v2\/pages\/117\/revisions"}],"predecessor-version":[{"id":120,"href":"https:\/\/siedlung-westend.com\/wordpress\/wp-json\/wp\/v2\/pages\/117\/revisions\/120"}],"wp:attachment":[{"href":"https:\/\/siedlung-westend.com\/wordpress\/wp-json\/wp\/v2\/media?parent=117"}],"curies":[{"name":"wp","href":"https:\/\/api.w.org\/{rel}","templated":true}]}}